ne f(2).
-13
Let y(u) be the first derivative of 2*u**3/3 + 4*u**2 + 3*u - 40. Let l be y(-3). Let d(o) = o**2 + 2. Give d(l).
11
Let m(p) = p**2 - 4*p + 5. Let c(d) = -d**3 - 39*d**2 - 38*d + 8. Let w be c(-38). Let u(a) = -2*a - 3. Let h be u(-5). Suppose -h*o - w = -9*o. Calculate m(o).
5
Let l(k) be the third derivative of k**6/120 + 13*k**5/60 + 35*k**4/24 + 5*k**3/2 - 1758*k**2 - k. What is l(-8)?
55
Let c(r) = -2*r**3 + r - 49 - 59 - 3*r**2 + 105. Give c(-3).
21
Let h(v) = -241*v**2 - 5*v - 43 - 239*v**2 + 479*v**2 - 2*v - 18*v. What is h(-24)?
-19
Let k = 22 - 41. Let g = 19 + k. Let v(y) = -y. Let n(q) = -q**3 + q**2 + q - 1. Let p(f) = -n(f) - v(f). Calculate p(g).
1
Let t = 60 - 61. Let l(f) = 3*f**3 - f. Let j be l(t). Let v be -2*((-2)/(-4)*11 + j). Let q(a) = -a - 7. Determine q(v).
0
Let r(v) = v**3 + 6*v**2 - 46*v - 50. Let g be r(-10). Let i(c) = 4*c + 1. Let f(d) = d. Let l(k) = -5*f(k) + i(k). Calculate l(g).
-9
Let s(b) be the second derivative of -b**4/6 + b**3/6 + 2*b**2 + 1822*b. What is s(6)?
-62
Let t(u) be the third derivative of -u**5/30 - u**4/24 + 338*u**2 - 8*u + 1. Suppose -v + 12 = -3*v. Let n(d) = -d**2 - 5*d + 8. Let l be n(v). Determine t(l).
-10
Let o(d) be the second derivative of d**4/12 + d**3 + 5*d**2 - 52*d. Let j = 104 + -62. Suppose 3*f + 3*f = -j. Determine o(f).
17
Suppose 0*t - 16*t = -48. Let p(g) = -7*g**2 - 3*g - 4. Let k(v) = 13*v**2 + 5*v + 7. Let n(j) = t*k(j) + 5*p(j). Give n(-1).
5
Let k(f) = -f + 16. Suppose -2*b + 2*l = l - 57, -42 = -2*b + 4*l. Suppose 4*n + 14 = -y - 0, -y + b = -5*n. Let r be (40/y)/2*(30 - 27). Calculate k(r).
6
Let p(i) = 3*i**2 + 57*i - 28. Let y be p(-20). Suppose -5*d - 2*g + y = 0, -6*g - 3 = -d - 3*g. Let m(x) = -x**3 + 5*x**2 + 7*x - 1. Calculate m(d).
5
Let b(u) = -13 - 129*u - 144*u + 398*u - 130*u. What is b(-12)?
47
Let c(t) = -t + 29. Let h = 3272 + -3252. What is c(h)?
9
Let g(r) = 3*r + 6*r - 15*r - 129 + 2*r. Calculate g(-30).
-9
Let l(h) = 63*h - 25. Let v(t) = -22*t + 9. Let z(p) = 6*l(p) + 17*v(p). Let m(f) = 10*f + 135. Let u be m(-13). Calculate z(u).
23
Let a be (-2)/18 + (-2761)/99. Let c = -33 - a. Let i(g) be the second derivative of g**5/20 + 5*g**4/12 - 3*g**2/2 + 72*g + 1. Calculate i(c).
-3
Let h(m) = -24 + 2*m**2 - 94*m**3 + 93*m**3 + m + 23. Determine h(-2).
13
Suppose -2*v - 21 = 3*k, -49 = -3*v - k - 70. Let o(r) be the third derivative of -r**6/120 - r**5/12 + 7*r**4/24 + 3*r**3/2 - r**2 + 11*r. Determine o(v).
3
Let v(u) = 2*u**2 - 35*u - 19. Let w(a) = 3*a**2 - 53*a - 33. Let f(r) = -8*v(r) + 5*w(r). Calculate f(6).
41
Let o(u) = -u**2 - 5*u - 1. Let n(r) = 4*r**2 + 40*r - 15. Let j(p) = n(p) + 5*o(p). Determine j(14).
-6
Suppose -6*x + 36 = 6*x. Let u(r) = 3*r**3 + 2*r - 2. Let q(p) = -4*p**3 + p**2 - 4*p + 2. Let n(d) = x*u(d) + 2*q(d). Calculate n(-1).
1
Suppose 3*s = -0*f - 2*f, f - 5*s = 0. Let o(r) = 26*r + f - 11 - 24*r + 0. What is o(9)?
7
Suppose 0 = 2*y - 5*d - 37, -18*d + 14*d + 43 = 5*y. Let o be (-16)/88 - 9/y. Let j(u) = -34*u**3 + 2*u**2 - 1. Calculate j(o).
35
Let i(a) = -a**3 + 41*a**2 + a - 3. Let q(r) = -2*r**3 + 215*r**2 + 97*r + 258. Let s(j) = -3*i(j) + q(j). Give s(-91).
-6
Let l(r) = -r**3 + 7*r**2 - r. Suppose 6*v + 21 + 15 = 0. Let i = v + 10. Suppose -5*a + z = -35, 2*z = i*a + 4*z - 28. Calculate l(a).
-7
Let b(j) = j**3 + 5*j**2 - j - 4. Suppose -4*y - 4*q = 92, -y = -3*q + 24 + 15. Let d = y - -23. Determine b(d).
16
Let f(g) = g**2 + 5*g - 3. Suppose 4*q - 3 = 3*y - 5, 5*q - 9 = -2*y. Suppose 2*w - 6 = 0, 0 = 2*p + y*p + 3*w + 11. Calculate f(p).
-3
Let y be (-4)/(-6) + (1 - 254/(-6)). Suppose -y*n = -46*n + 6. Let u(k) = 2*k + 7*k + n + k + k**2 - 6*k. Give u(-2).
-1
Let a(s) = -s**2 + 8*s + 6. Suppose z = -4*u - 19, 5*z + 9*u - 7*u = -59. Let m be (22/(-10))/((-6 - z)/(-25)). Suppose -2 = -m*i + 97. Give a(i).
-3
Let u = -6281 + 6294. Let k(v) = -v + 46. Determine k(u).
33
Let j(y) be the second derivative of y**4/4 - y**2 + 4923*y. Let n be -2 - (4 + -2 + -6). Give j(n).
10
Let r(a) = -a**3 - 26*a**2 - 5*a - 130. Let n be (0 + 52/6)/(((-902)/(-41))/(-66)). Determine r(n).
0
Let d(t) = 2*t**3 + t**2 - t + 1. Suppose -w + n + 3 = 0, -7*w = -6*w + 3*n + 5. Suppose -12 = -4*z, -4 = x - z + w. What is d(x)?
-9
Let p(x) = x + 2. Let z(c) = 11*c - 154. Let d be z(17). Suppose 1095*n = 1098*n + d. Calculate p(n).
-9
Let l(p) be the first derivative of 1/4*p**4 + 39 - 1/2*p**2 + 5*p**3 - 17*p. Calculate l(-15).
-2
Let a(j) be the first derivative of -j**3/3 - j**2 - 2*j + 1024. What is a(2)?
-10
Let a(g) = -g - 7. Suppose -433 - 1007 = -16*u. Let y = u + -101. Calculate a(y).
4
Suppose 0 = -5*s + 3*v - 25, -2 = -s - 3*s - 2*v. Let w(x) = -8*x**3 + 4*x**2 + 3*x. Give w(s).
74
Let k(o) = 59 - 35975*o**2 + 3 - 31*o + 9*o + 35976*o**2. Give k(18).
-10
Let p(r) = -r**3 + 7*r**2 - 6*r - 2. Let i(a) = 2*a**2 - 2*a + 20. Let j(t) = -3*t**2 + t - 24. Let d(c) = -4*i(c) - 3*j(c). Let g be d(2). What is p(g)?
-2
Let i(f) = f**3 + 7*f**2 + 6*f + 46. Suppose 187*r - 186*r - 5 = 0, -45 = 5*n - 2*r. What is i(n)?
4
Let x(r) = -r**3 - 3*r**2 + 13*r + 16. Let g(j) = -123*j - 374. Let v be g(-3). Calculate x(v).
1
Let f = -3456 - -3456. Let m(p) = -18*p - 9. Calculate m(f).
-9
Let l(h) = h**2 + 9*h + 6. Let o = -23144 + 23141. Determine l(o).
-12
Let l = -1 - -1. Let q be 1 + -2 - -1 - l. Let c(w) be the first derivative of -w**4/4 - w**3/3 - w**2/2 + 12*w + 10054. Calculate c(q).
12
Let f = 6164 + -6164. Let c(u) = -u**2 - 14. Give c(f).
-14
Let b(a) be the second derivative of a**5/20 - 7*a**4/12 + a**3/2 - 15*a**2/2 + 72*a - 6. Determine b(7).
6
Let a(u) be the first derivative of u**4/4 + 11*u**3/3 + 9*u**2/2 - 2*u + 1. Let h = 972 - 982. Give a(h).
8
Suppose 9*c + 12 - 39 = 0. Suppose c*f - 4*f = 2. Let i(m) = m + 1. Let q(k) = 3*k + 2. Let r(j) = 4*i(j) - 2*q(j). Give r(f).
4
Let a(g) = 35*g**2 + 3*g + 281. Let p(z) = -18*z**2 - 1. Let y(q) = -a(q) - 2*p(q). What is y(-15)?
-9
Let v(u) = 117*u**2 + 247 - 58*u**2 + 4 + 27*u - 58*u**2 + 21*u. What is v(-6)?
-1
Let a(u) = -u**2 + 13*u + 60. Let y be -13 + 9 + -28 + 46. Determine a(y).
46
Suppose 4*f - 20 = -f. Suppose f*a - 7 = -5*m, -3*m + 21 = 2*m - 3*a. Suppose 5*t + 24 = -m*d, -5*t + d - 11 = 1. Let r(l) = 2*l**2 + 3*l. What is r(t)?
9
Suppose 3*t + 13 = -2*i, 2*t - 4*t = 4*i + 6. Let z be (i/3)/(2/18). Let v(b) = -b**2 + 19*b**3 + 0*b**2 + 0*b**2 - 3*b - 4 - 18*b**3. Determine v(z).
5
Let h(c) = 12*c + 24. Suppose 82*m + 248 = -113 - 49. Calculate h(m).
-36
Let u(k) = -9*k - 3. Let x(j) = j**3 - j**2 + j + 189. Let n be x(0). Let s be (n/6)/(-21) - (-3)/(-2). Determine u(s).
24
Suppose 37*x = 19*x + 1782. Let w(i) = -105 + x + i + 0*i. Give w(-8).
-14
Let b = 76 + -69. Let s(p) = -5*p**2 - 12*p + 9. Let d(k) = 3*k**2 + 6*k - 5. Suppose 10*h + 28 = 17*h. Let f(o) = b*d(o) + h*s(o). Calculate f(6).
1
Let r(j) = 8*j + 4. Let v(h) = 534*h - 1056*h + 5 + 532*h. Let i(x) = 4*r(x) - 3*v(x). Calculate i(-2).
-3
Let t(w) = -w - 12. Let i be 64 + -68 + -1 + 10. Calculate t(i).
-17
Let n(s) be the second derivative of -s**4/12 + 2*s**3 - 9*s**2 + 263*s. Calculate n(4).
14
Let z(h) be the second derivative of 0 + 5/2*h**2 - 1/2*h**3 + 1/60*h**5 - 5/24*h**4 - 7*h. Let k(b) be the first derivative of z(b). Calculate k(6).
3
Let y(k) = 12*k**3 - 2*k**2 - k + 1. Suppose -14 = -5*t - 2*t. Let a be y(t). Let p = a - 90. Let v(o) = -2*o - 3. Determine v(p).
3
Let f = -319 + 321. Let p(u) be the third derivative of 1/60*u**5 + 0*u - 5/6*u**3 + 0*u**4 + 0 + 22*u**f. Determine p(0).
-5
Let a be (-30)/75*(-60)/(-2). Let u(x) = x**2 + 6*x - 65. Determine u(a).
7
Let n(s) = 20*s**2 - 102*s + 4. Let d be 18 + -6 + 2 - 9. Calculate n(d).
-6
Let a(l) be the first derivative of -l**4/4 + l**3 + l**2 - 3*l - 342. Give a(4).
-11
Let a = -3 - 1. Let s(d) be the first derivative of 7*d + 1/2*d**2 + 8. Give s(a).
3
Let w(s) = s**3 - 10*s**2 + 4*s - 15. Suppose -5*f + 29 = -5*z + 84, z + f = 9. Give w(z).
25
Let w(n) = 2*n**3 + 330*n**2 - 19*n - 3180. Let a be w(-165). Let x(q) = 27*q + 1220. What is x(a)?
5
Let b(p) = -20*p - 256. Let i be b(-19). Let m(v) = i*v**2 - v**3 - 221*v**2 - 1 + 102*v**2 - 4*v. Determine m(3).
5
Let k(o) = -o**2 - 34*o - 133. Let a be (-3276)/108 - (8/(-8))/(1 + 2). Dete